- j = -3*t. Let n = 12 - 3. Calculate the remainder when t is divided by n.
7
Let g be (36/(-6))/(4 - 2). Let w = 5 + g. Suppose 104 = w*n + 2*j - 136, j - 370 = -3*n. What is the remainder when n is divided by 32?
29
Suppose 5*z + i - 21 = 0, 4*i + 3 + 23 = 2*z. Suppose -z = 3*n - 4*n, n = -5*g + 195. Calculate the remainder when g is divided by 10.
8
Let m = -16 - -27. Suppose 0 = 2*a - 21 + 23, 0 = -3*o + 5*a + 95. Calculate the remainder when o is divided by m.
8
Let h(c) = 207*c**2 + 2*c - 1. What is the remainder when h(1) is divided by 11?
10
Suppose -3*n + 9 = -2*n. Let d(k) = k - 15. Let a be d(n). Calculate the remainder when a*(-42)/(-2)*-1 is divided by 32.
30
Let g = 0 + 4. Suppose 5 = -s, s - g*s = 5*k + 10. Suppose 56 = 4*v + 44. Calculate the remainder when v is divided by k.
0
Let j = 22 - 21. Let c be (-30)/25*(-20)/(-3). What is the remainder when 33 is divided by (-8 - c) + 18/j?
15
Let g = 149 + -11. What is the remainder when g is divided by 66?
6
Suppose h - 1922 = -5*d, -d + 3*d = 8. What is the remainder when h is divided by 28?
26
Let g = -124 + 164. Calculate the remainder when 73 is divided by g.
33
Calculate the remainder when 3/(-2)*(-68552)/246 is divided by 84.
82
Suppose -51*c + 165*c - 4950 = -111*c. Calculate the remainder when 82 + 2 + -1 + 1 is divided by c.
18
Let m be ((-9)/6 - 0)*-2. Suppose -3*a + 161 = -2*o, 2*o - 25 = -m*o. Calculate the remainder when a is divided by 20.
17
Suppose 4*t + 2 - 58 = 0. What is the remainder when (-12)/(-28) + 876/t is divided by 22?
19
Suppose 5*j - 446 = 2*h + h, 0 = 3*j + 4*h - 256. Calculate the remainder when j is divided by 189/15 + (-4)/(-10).
10
Let f = -3 + 5. Suppose 0*s - f*s = -12. What is the remainder when 16 is divided by s?
4
Let j = -12 - -31. What is the remainder when 49/1 - (4 - 4) is divided by j?
11
Let t = 134 - -82. Let c = t + -123. What is the remainder when c is divided by 24?
21
What is the remainder when 35 is divided by (20/40)/((-1)/(-8))?
3
Let a = 685 - 653. What is the remainder when 72 is divided by a?
8
Suppose -5*w = -c - 389, 2*w - 3*c = -0*c + 153. Suppose 7*b - 4*b = w. Calculate the remainder when 74 is divided by b.
22
Suppose 63*u + 2*a + 44 = 66*u, u + 2*a - 20 = 0. Suppose -4*i + 2*i = -190. What is the remainder when i is divided by u?
15
What is the remainder when (((-4698)/12)/(-9))/((-3)/(-2)) is divided by 12?
5
Suppose -3*f + 5*w + 107 = 0, 5*f + 11*w = 15*w + 174. What is the remainder when f is divided by 2?
0
Suppose 2*g + g = 111. Suppose 3*c = -y + 20, -5*c + y = -y - g. What is the remainder when 31 is divided by c?
3
Let h(d) = d**3 - 11*d**2 + 5. Let j be h(11). Suppose 0 = -4*l + 11 + j. Suppose -2*w + l*w = 22. Calculate the remainder when 40 is divided by w.
7
Let x = -653 + 676. Calculate the remainder when x is divided by 3.
2
Let z = -68 - -72. Suppose z*o = -26 + 326. Let t(s) = s**3 + 8*s**2 + 9*s + 1. What is the remainder when o is divided by t(-6)?
18
Suppose 2*c - u - 22 = 0, 2*u = -78*c + 75*c + 40. Calculate the remainder when 1031 is divided by c.
11
Let z be (-1)/2 + (1350/(-4))/(-9). Let p = -35 + z. Suppose -4*x + 11 = -13. What is the remainder when x is divided by p?
0
Suppose 0 = -4*c - 3*q + 251, -127 = -2*c - 2*q - q. What is the remainder when c is divided by 21?
20
Suppose -w - 4 = -6*c + 3*c, -2*c + 26 = 4*w. Suppose 43 = 4*f + 3*o, -2*f + c*o + 15 = -2*o. What is the remainder when 59 is divided by f?
9
Suppose 3*c = c + 26. Let a(v) be the third derivative of v**4/8 + v**3 - v**2. What is the remainder when a(10) is divided by c?
10
Calculate the remainder when 136 is divided by (-31)/(-5 + 10 + -6).
12
Let t = 231 + -212. Let s(m) = -m**2 + 7*m + 1. Calculate the remainder when t is divided by s(6).
5
Suppose 2*w = 6*w - 144. Let s = 7 - 11. What is the remainder when w is divided by (-2 - -6)*(-19)/s?
17
Let t be (-6)/6*2/(-2). Calculate the remainder when 54 - (6 + -4 - t) is divided by 0 + -3*19/(-3).
15
Let t be 12*(-1)/9*-6. Suppose -t*k + 5*k + 99 = 0. What is the remainder when k is divided by (-1 + -2)/(-3)*18?
15
Let n(p) = -12*p + 166. Calculate the remainder when n(0) is divided by 14.
12
Let m = 225 + -216. Suppose -5*q = -12 - 3. Suppose -2*z - q + 13 = 0. What is the remainder when m is divided by z?
4
Suppose 2*g - 2*m = -0*m + 58, 0 = 2*m + 6. Suppose 319*x - 3*d + 6 = 322*x, x = -3*d - 2. Calculate the remainder when g is divided by x.
2
Calculate the remainder when (-14412)/(-27) - (-4 + (-102)/(-27)) is divided by 15.
9
Suppose -j - 64 = -5*j. Suppose 32 + j = 4*h. What is the remainder when 46 is divided by h?
10
Let x be 1204/(-12) - 4/6. Let v = x + 154. Suppose 32*a = -4*a + 1008. Calculate the remainder when v is divided by a.
25
Let x be 86 + 0 - (9 + -13). Let t = -25 + x. Calculate the remainder when t is divided by 17.
14
Suppose 4*x - 3*t = 467, -491 = -4*x - t - 4*t. Calculate the remainder when x is divided by 31.
26
Suppose -h - 6 = 3*t, 0 = 6*h - 3*h - 4*t + 57. What is the remainder when 45/20*168/9 is divided by (-64)/(-6) + h/(-45)?
9
Suppose 31*a = 21*a + 20. What is the remainder when 5 is divided by a?
1
Let q(v) = -3*v - 20. Calculate the remainder when q(-34) is divided by 21.
19
Suppose 9 = 3*h - 0. Let t(q) = 3*q - 7. Let o be t(h). Suppose 2*w = o*f - 16, 5*f = -4*w - w. Calculate the remainder when 6 is divided by f.
2
Suppose -2291*i = -2283*i - 1552. What is the remainder when i is divided by 9?
5
Let o be 17 - (-1*4 - 133/(-19)). Let s = -8 + o. What is the remainder when 21 is divided by s?
3
Suppose 0*f = 2*f - 46. Calculate the remainder when f is divided by 20/(-25)*(-10)/1.
7
Suppose -5*h + 305 = -5*p - 55, 0 = 4*h - 5*p - 289. What is the remainder when 132 is divided by h?
61
Suppose 0 = 3*b - 4*b - 2, -2*o = -3*b - 40. What is the remainder when 67 is divided by o?
16
Suppose 3*s = -o + 23, -3*s + 5*o = -7*s + 38. Let d be (-6)/((56/(-12))/s). Suppose 2*n - 43 = -d. Calculate the remainder when 49 is divided by n.
15
Suppose 1125 = 5*g + 5*u, -41*g + 44*g = 3*u + 651. What is the remainder when g is divided by 57?
50
Suppose -m - 2*j + 12 = 0, 4*j = -3*m + 1 + 41. What is the remainder when m is divided by (6/(-8) - 1)/((-2)/8)?
4
Suppose 186 = 2*w + w + 4*n, w = 5*n + 62. Suppose -2*y = 2*b - 12, -5*y + 4*b = -0*b - 75. Calculate the remainder when w is divided by y.
7
Suppose -3*z = 4*j - 0*j + 8, j + 9 = z. Suppose -4 = z*y + 2*w, 5*w - 35 = y + 4*y. Calculate the remainder when 2 is divided by (6 - -1) + -3 + y.
0
Suppose 2*l + 6*v - 58 = 9*v, -l = 5*v - 3. Suppose -3*h - h + 452 = 0. What is the remainder when h is divided by l?
21
Let o(x) = 7*x + 87. What is the remainder when o(6) is divided by 36?
21
Suppose -20 - 9 = -s. Calculate the remainder when s is divided by (-12)/(-9)*3 - 1*-4.
5
Let w = -12 + 14. Suppose 18 = w*m + 4*x, -m + 2*x + 12 = m. Suppose -4*s + m*s + 2*h = 23, -3*s + h + 38 = 0. What is the remainder when 19 is divided by s?
8
Suppose -3*z = a - 5*a - 125, -z + 10 = 5*a. Let p(j) = 2*j**2 - 2. Let g be p(5). Suppose 2*m = 6*m - g. What is the remainder when z is divided by m?
11
Let d(t) = -4*t - 8. Let n be d(-5). Suppose -8*c = -2*c - n. Let a(m) = 2*m**2 + 2*m - 2. What is the remainder when 17 is divided by a(c)?
7
Suppose 139 - 907 = -32*q. Calculate the remainder when 185 is divided by q.
17
Suppose 3*n - 4*u - 2 - 22 = 0, -n - 5*u - 11 = 0. Suppose n*t + 7 = 27. Suppose 10 = -0*c + 5*c. What is the remainder when t is divided by c?
1
Let d(q) = 2*q**2 - 9*q + 10. Suppose 0 = -k + 7 - 3. Let x be d(k). Suppose 135 + 63 = x*p. Calculate the remainder when 130 is divided by p.
31
Let t(a) = -a**3 - 2*a**2 - 4*a + 29. What is the remainder when 83 is divided by t(0)?
25
Let z(o) = -9*o - 6. Suppose 5*a + 12 = -2*u, -5*a + 4*a - 6 = 4*u. What is the remainder when 58 is divided by z(a)?
10
Let j(s) = 11*s**3 - 4*s**2 - s + 2. Let b be j(3). Suppose 0 = y - t - 44, y - 3*t = 6*y - b. Calculate the remainder when y is divided by (0 + 3)*-1 + 16.
10
Let a(x) = -22*x - 59. Let w be (52/(-8) - -3)*2. What is the remainder when a(w) is divided by 48?
47
Let r = -1541 - -1608. What is the remainder when 734 is divided by r?
64
Suppose 1 = z + h - 2, 3*h = 4*z - 19. Suppose -3*a = -r - 10, -a + 25 = z*r